{"id":96,"date":"2017-03-24T17:38:26","date_gmt":"2017-03-24T17:38:26","guid":{"rendered":"http:\/\/siponlus.it\/?page_id=96"},"modified":"2024-01-17T13:25:45","modified_gmt":"2024-01-17T13:25:45","slug":"donazioni","status":"publish","type":"page","link":"https:\/\/siponlus.it\/?page_id=96","title":{"rendered":"Donazioni"},"content":{"rendered":"<p><strong>Sostieni la Ricerca della Societ\u00e0 Italiana di Protistologia <em>onlus&nbsp;<\/em><\/strong><\/p>\n<p>dona il tuo 5 x mille<\/p>\n<p>Il 5 per mille \u00e8 una quota di imposte a cui <strong>lo Stato rinuncia per destinarla alle organizzazioni no-profit<\/strong> per sostenere le loro attivit\u00e0, quindi <strong>il 5 per mille non ti costa nulla<\/strong> perch\u00e9 non \u00e8 una tassa in pi\u00f9.<\/p>\n<p>Destinare il 5 x mille alla SIP <em>onlus<\/em> \u00e8 facile, bastano due gesti:<br \/>\n1) <strong>Firma<\/strong> nel riquadro dedicato alle onlus<br \/>\n2) Indica il codice fiscale della SIP <em>onlus<\/em>: <strong>93042200506<\/strong><\/p>\n<p><a href=\"https:\/\/siponlus.it\/wp-content\/uploads\/2017\/03\/promemoriadonazione5xmille.doc\">scarica qui il promemoria su come donare il 5 x mille<\/a><\/p>\n<p><strong>Sostieni la Societ\u00e0 Italiana di Protistologia <em>onlus&nbsp;<\/em><\/strong><\/p>\n<p>diventa Socio Sostenitore<\/p>\n<p>Per informazioni contattare la Segreteria della Societ\u00e0<\/p>\n<p>Marco Picarella<\/p>\n<p>Per contattare la segreteria via e-mail cliccare <a href=\"marco.picarella@bioispirazione.it\"><span id=\"ctl00_ContentPlaceHolder1_Persona1_E_mail\">qui<\/span><\/a><\/p>\n<p>&nbsp;<\/p>\n","protected":false},"excerpt":{"rendered":"<p>Sostieni la Ricerca della Societ\u00e0 Italiana di Protistologia onlus&nbsp; dona il tuo 5 x mille Il 5 per mille \u00e8 una quota di imposte a cui lo Stato rinuncia per destinarla alle organizzazioni no-profit per sostenere le loro attivit\u00e0, quindi il 5 per mille non ti costa nulla perch\u00e9 non \u00e8 una tassa in pi\u00f9. &hellip; <a href=\"https:\/\/siponlus.it\/?page_id=96\" class=\"more-link\">Continua la lettura di <span class=\"screen-reader-text\">Donazioni<\/span> <span class=\"meta-nav\">&rarr;<\/span><\/a><\/p>\n","protected":false},"author":1,"featured_media":0,"parent":0,"menu_order":0,"comment_status":"closed","ping_status":"closed","template":"","meta":{"ngg_post_thumbnail":0,"footnotes":""},"class_list":["post-96","page","type-page","status-publish","hentry"],"_links":{"self":[{"href":"https:\/\/siponlus.it\/index.php?rest_route=\/wp\/v2\/pages\/96","targetHints":{"allow":["GET"]}}],"collection":[{"href":"https:\/\/siponlus.it\/index.php?rest_route=\/wp\/v2\/pages"}],"about":[{"href":"https:\/\/siponlus.it\/index.php?rest_route=\/wp\/v2\/types\/page"}],"author":[{"embeddable":true,"href":"https:\/\/siponlus.it\/index.php?rest_route=\/wp\/v2\/users\/1"}],"replies":[{"embeddable":true,"href":"https:\/\/siponlus.it\/index.php?rest_route=%2Fwp%2Fv2%2Fcomments&post=96"}],"version-history":[{"count":8,"href":"https:\/\/siponlus.it\/index.php?rest_route=\/wp\/v2\/pages\/96\/revisions"}],"predecessor-version":[{"id":865,"href":"https:\/\/siponlus.it\/index.php?rest_route=\/wp\/v2\/pages\/96\/revisions\/865"}],"wp:attachment":[{"href":"https:\/\/siponlus.it\/index.php?rest_route=%2Fwp%2Fv2%2Fmedia&parent=96"}],"curies":[{"name":"wp","href":"https:\/\/api.w.org\/{rel}","templated":true}]}}